 Calculate the highest common factor of 110 and x.
10
Suppose 3*a + 3751 = 4*m, -510 = 2*m + 5*a - 2379. Suppose -20*h + m = -1023. Suppose -3*j = j - 56. Calculate the greatest common factor of j and h.
14
Suppose 8 = m + m. Let z = -453 - -465. Calculate the highest common factor of m and z.
4
Suppose -h + 5*d + 2840 = -59, -4 = -4*d. Suppose 23*y - y - h = 0. Calculate the greatest common factor of 44 and y.
44
Let q(y) = -2*y**2 + 6*y - 3. Let j be q(3). Let i be ((-52)/(-12))/(j/(-9)). Let c = i + 0. What is the greatest common divisor of c and 117?
13
Let y(x) be the second derivative of 4*x**3/3 - 17*x**2/2 + 5*x. Let u be y(9). Suppose -25 = -0*b - 5*b. What is the highest common divisor of u and b?
5
Let s be (-2853)/((-2 + -1)/(-4 - -6)). What is the greatest common factor of s and 12?
6
Let o(f) = -1401*f - 6969. Let s be o(-5). What is the greatest common factor of s and 11898?
18
Let w be (-2)/10*18*-35. Suppose 0 = 4*k + 164 + 748. Let q = k - -242. Calculate the greatest common divisor of w and q.
14
Let l(g) = 39*g + 2281. Let d be l(-58). What is the highest common factor of 13851 and d?
19
Let p(x) = -87*x - 9. Let z be p(-6). Let m = -446463 + 446577. Calculate the greatest common factor of z and m.
57
Let q(z) = 1218*z - 687. Let k be q(4). What is the greatest common divisor of k and 270?
135
Let z = 75 - 80. Let n be 1 - (-3 + (z - 71)). Calculate the highest common factor of n and 10.
10
Let d be 12/((-2)/(-3)*3). Let g be (-4*d)/(-11 + (-72)/(-8)). What is the highest common divisor of g and 12?
12
Suppose 0 = -4*r - 3*t + 129, -t + 57 = -2*r + 134. What is the greatest common factor of 960 and r?
12
Suppose 0 = -t + 23 + 10. Suppose 5 = -5*i, -i - 6 = 3*w + 2*i. Let s be (-4*w/4)/(3/9). Calculate the greatest common factor of t and s.
3
Suppose -4*m + 2*b - 2 = 0, 0*b + 4*b - 30 = -5*m. Suppose -2*x + 2*n = -22, 6*x - m*x - 51 = -3*n. Calculate the greatest common divisor of 492 and x.
12
Let n = 7894 - 5488. What is the greatest common divisor of 6 and n?
6
Let x be 75/(-125)*(-10)/2. Suppose -5*f = -x*f - 32. Let r be (-3)/(12/f) + 40. Calculate the greatest common divisor of 24 and r.
12
Let d be -2*(-1 + -3 + 7 + 15327/(-78)). Calculate the greatest common divisor of 243 and d.
9
Let c be (-6918)/(-27) + 4/(-18). Let a = -31385 + 31401. Calculate the highest common divisor of c and a.
16
Let u = -1686 - -3388. Calculate the greatest common divisor of u and 138.
46
Let f(y) = 18*y + 36. Let x(c) = -c**2 + 10*c - 16. Let t be x(7). Let w be f(t). Calculate the greatest common factor of 28 and w.
14
Suppose -4*w - d = -3492, 2*w = 4*w + 3*d - 1726. Calculate the greatest common divisor of w and 77.
7
Let q be ((-766)/(-1 + 0))/((-38)/(-247)). Calculate the highest common divisor of q and 13.
13
Let k(c) = 5*c - 15*c + 9*c - 3. Let s be k(2). Let l be ((-32)/(-10) + -2)/(s/(-25)). Calculate the highest common factor of l and 9.
3
Suppose 131*d - 70456 = -5*d - 14152. What is the highest common factor of d and 162?
18
Suppose -3*z + 4*c + 32899 - 1459 = 0, 3*c = -5*z + 52342. Calculate the highest common divisor of 112 and z.
56
Suppose -336*s = -310*s - 364. Calculate the greatest common divisor of s and 14.
14
Let c be 64/2 + 4 + -9. Let u be 2/(-9) - (-1410)/c. What is the greatest common divisor of 260 and u?
52
Suppose -107 = -j + 5*d, 5*j + 0*d + 3*d - 423 = 0. Suppose 19*i - 43580 = -43029. What is the greatest common factor of i and j?
29
Suppose 16*p + 2429 - 9449 = -23*p. What is the highest common factor of p and 30?
30
Let u = 79 - 79. Suppose u = -7*x + 1 + 13. Suppose x*g = 5 + 7. What is the highest common factor of 54 and g?
6
Suppose 0*s + 6*s - 12 = 0. Let t be (-2)/(s*(-3)/84). Let j = 312 - 228. Calculate the highest common divisor of j and t.
28
Let l(t) = 6*t**2 + 755*t - 63. Let g be l(-127). Calculate the highest common divisor of g and 378.
14
Suppose 3*b + 1 = -5, -4*q = 3*b - 2. Suppose -6*x + 180 = -q*x. Let s = 118 + -28. What is the greatest common factor of x and s?
45
Let y be ((-18)/24)/((-9)/10764). Calculate the greatest common factor of 39 and y.
39
Let f = 5938 - 5830. Calculate the highest common divisor of 189 and f.
27
Let p(u) = 144*u**2 - 844*u + 13. Let y be p(6). What is the highest common divisor of 494 and y?
19
Let r = -698 - -851. What is the greatest common factor of 297 and r?
9
Suppose 7*h = -3*t + 407, -19*t + 22*t - 35 = -h. Suppose 2*y - 6*y + 3224 = 0. What is the highest common factor of h and y?
62
Let b be -7 + (-4 - -4) + (25 - -220). What is the highest common factor of 102 and b?
34
Suppose 2*w - 2440 = -5*m, -62*w - 3646 = -65*w - 4*m. Calculate the greatest common factor of w and 121.
121
Let m(u) = -u**3 - 7*u**2 + 5. Let z be m(-5). Let d = z + 101. Suppose 3*a - 5*l + 2 = 3, 4*a = 3*l + 16. What is the highest common factor of d and a?
7
Let u be 6/8 + ((-33)/(-8) - (-31)/248). Suppose r + 103 = 5*l - l, l - r = 28. Calculate the highest common divisor of l and u.
5
Let o(c) = c**3 - 6*c**2 - 6*c + 6. Let t be o(4). Let u = t + 85. Suppose -3*i + 73 = -u. What is the greatest common factor of 18 and i?
18
Let l(k) = 2*k - 137. Let f be l(128). What is the greatest common divisor of 1479 and f?
17
Let f(o) = -101*o**2 - 3*o**3 + 92 + 18*o + 50*o**2 + 44*o**2. Let y be f(-4). Calculate the highest common divisor of 20 and y.
20
Let i(w) = -w - 14. Let k be i(-17). Suppose -13 - 29 = -k*f. Let m(p) = -p**2 - 6*p - 3. Let r be m(-5). What is the greatest common factor of r and f?
2
Let h be ((-33)/6)/(-11) - (-2)/(-4)*-223. What is the highest common divisor of 24 and h?
8
Let g(n) be the second derivative of -n**5/20 - 3*n**4/4 - 13*n**3/6 - 19*n**2/2 + 40*n. Let y be g(-8). What is the greatest common divisor of 3 and y?
3
Suppose -4*j = -42 - 118. Suppose 80*c - 85*c + j = 0. What is the highest common divisor of 1 and c?
1
Suppose -12121 = -202*y + 171*y. Let k(f) = -f + 17. Let o be k(0). Calculate the highest common factor of o and y.
17
Let s be (-4)/6 - (-1212)/36. Let x(c) = c**3 - 36*c**2 - 74*c - 43. Let v be x(38). What is the greatest common divisor of s and v?
33
Suppose -79*i + 78*i + 4*g + 392 = 0, 2*g = -i + 404. What is the greatest common divisor of i and 120?
40
Suppose 27*s + 1328 = 38*s - 2522. Calculate the greatest common divisor of s and 3100.
50
Let u(k) = 8*k**2 - 15*k + k**3 + 7*k + 10 + 15*k. Let y be u(-7). Let x be (-7580)/(-190) - (-1 - (-51)/57). Calculate the highest common factor of y and x.
10
Suppose -5*p + 375 = y - 2638, -9094 = -3*y - 4*p. Calculate the greatest common divisor of 31 and y.
31
Let g = -129 + 366. Suppose 28*i + g = 5*q + 31*i, -33 = -q + 3*i. Calculate the highest common divisor of q and 165.
15
Suppose -22*t - 3*t - 41170 + 257320 = 0. What is the greatest common divisor of t and 132?
66
Let z = 272 + -146. Suppose 0*f = 7*f - 77. Suppose f*j - 8*j = 42. Calculate the highest common factor of j and z.
14
Let a(j) = 63*j + 55. Let p be a(-7). Let k = -197 - p. Calculate the highest common factor of k and 54.
27
Let a be (-2 + 3)/(2/224). Let h be (-11 + 1298/154)/(5/(4 - 249)). What is the highest common factor of a and h?
14
Suppose -5*g + b = -146, -g - 2*b + 38 = -0*g. Suppose g*l - 6240 = 10590. Calculate the greatest common divisor of 33 and l.
33
Suppose 2*m = 2*n - 196 - 904, -n - 5*m + 526 = 0. What is the greatest common factor of n and 238?
14
Let q(m) = -m**3 - 64*m**2 + 332*m - 839. Let a be q(-69). Let u(n) = 2*n**2 + 3*n - 3. Let o be u(6). Calculate the greatest common factor of o and a.
29
Suppose 3*z + 2663 = 4*x, -3*x + 661 + 1337 = -3*z. Calculate the greatest common divisor of 525 and x.
35
Suppose 3*j = 5*u + 19, -5*j + 59 = -2*u + 21. Suppose 2*t = -0*t + j. Suppose t*q = 149 + 131. Calculate the highest common divisor of q and 28.
14
Let i be (-20 - -19)*(-3*189 + -3). Calculate the greatest common divisor of 780 and i.
30
Suppose -30*z = -6*z + 2616. Let k = -77 - -206. Let n = z + k. What is the greatest common divisor of 140 and n?
20
Suppose 0 = -5*g + 5*d + 8230, 6612 = 2*g + 2*g + 3*d. Calculate the highest common factor of 132 and g.
66
Suppose 254*k - 480 = 244*k. Calculate the greatest common factor of 72 and k.
24
Let p be 1200/66 - 1 - (-4)/(-22). Suppose -2*v = -3*